{"id":2061,"date":"2023-07-07T11:22:50","date_gmt":"2023-07-07T10:22:50","guid":{"rendered":"https:\/\/anogov.com\/home\/?page_id=2061"},"modified":"2024-02-07T12:05:27","modified_gmt":"2024-02-07T12:05:27","slug":"termos-e-condicoes-destakx","status":"publish","type":"page","link":"https:\/\/anogov.com\/home\/termos-e-condicoes-destakx\/","title":{"rendered":"Termos e Condi\u00e7\u00f5es &#8211; Destakx"},"content":{"rendered":"\t\t<div data-elementor-type=\"wp-page\" data-elementor-id=\"2061\" class=\"elementor elementor-2061\">\n\t\t\t\t\t\t\t\t\t<section class=\"elementor-section elementor-top-section elementor-element elementor-element-10508a89 elementor-section-full_width elementor-section-height-default elementor-section-height-default wpr-particle-no wpr-jarallax-no wpr-parallax-no wpr-sticky-section-no\" data-id=\"10508a89\" data-element_type=\"section\">\n\t\t\t\t\t\t<div class=\"elementor-container elementor-column-gap-no\">\n\t\t\t\t\t<div class=\"elementor-column elementor-col-100 elementor-top-column elementor-element elementor-element-51052102\" data-id=\"51052102\" data-element_type=\"column\">\n\t\t\t<div class=\"elementor-widget-wrap elementor-element-populated\">\n\t\t\t\t\t\t\t\t<div class=\"elementor-element elementor-element-2131bd6b elementor-widget elementor-widget-heading\" data-id=\"2131bd6b\" data-element_type=\"widget\" data-widget_type=\"heading.default\">\n\t\t\t\t<div class=\"elementor-widget-container\">\n\t\t\t<style>\/*! elementor - v3.18.0 - 08-12-2023 *\/\n.elementor-heading-title{padding:0;margin:0;line-height:1}.elementor-widget-heading .elementor-heading-title[class*=elementor-size-]>a{color:inherit;font-size:inherit;line-height:inherit}.elementor-widget-heading .elementor-heading-title.elementor-size-small{font-size:15px}.elementor-widget-heading .elementor-heading-title.elementor-size-medium{font-size:19px}.elementor-widget-heading .elementor-heading-title.elementor-size-large{font-size:29px}.elementor-widget-heading .elementor-heading-title.elementor-size-xl{font-size:39px}.elementor-widget-heading .elementor-heading-title.elementor-size-xxl{font-size:59px}<\/style><h2 class=\"elementor-heading-title elementor-size-default\">Termos e Condi\u00e7\u00f5es | Destakx<\/h2>\t\t<\/div>\n\t\t\t\t<\/div>\n\t\t\t\t<section class=\"elementor-section elementor-inner-section elementor-element elementor-element-17736dbc elementor-section-boxed elementor-section-height-default elementor-section-height-default wpr-particle-no wpr-jarallax-no wpr-parallax-no wpr-sticky-section-no\" data-id=\"17736dbc\" data-element_type=\"section\">\n\t\t\t\t\t\t<div class=\"elementor-container elementor-column-gap-default\">\n\t\t\t\t\t<div class=\"elementor-column elementor-col-100 elementor-inner-column elementor-element elementor-element-5a4e0f52\" data-id=\"5a4e0f52\" data-element_type=\"column\">\n\t\t\t<div class=\"elementor-widget-wrap elementor-element-populated\">\n\t\t\t\t\t\t\t\t<div class=\"elementor-element elementor-element-32fa8fdd elementor-widget elementor-widget-text-editor\" data-id=\"32fa8fdd\" data-element_type=\"widget\" data-widget_type=\"text-editor.default\">\n\t\t\t\t<div class=\"elementor-widget-container\">\n\t\t\t<style>\/*! elementor - v3.18.0 - 08-12-2023 *\/\n.elementor-widget-text-editor.elementor-drop-cap-view-stacked .elementor-drop-cap{background-color:#69727d;color:#fff}.elementor-widget-text-editor.elementor-drop-cap-view-framed .elementor-drop-cap{color:#69727d;border:3px solid;background-color:transparent}.elementor-widget-text-editor:not(.elementor-drop-cap-view-default) .elementor-drop-cap{margin-top:8px}.elementor-widget-text-editor:not(.elementor-drop-cap-view-default) .elementor-drop-cap-letter{width:1em;height:1em}.elementor-widget-text-editor .elementor-drop-cap{float:left;text-align:center;line-height:1;font-size:50px}.elementor-widget-text-editor .elementor-drop-cap-letter{display:inline-block}<\/style>\t\t\t\t<ol>\n<li>A ades\u00e3o ao servi\u00e7o Destakx coloca-o numa posi\u00e7\u00e3o de destaque junto das entidades anoGov.<\/li>\n<li>Cada licen\u00e7a de ades\u00e3o ao Destakx tem a validade de 1 ano (12 meses).<\/li>\n<li>O servi\u00e7o Destakx converte-o automaticamente num Fornecedor+, ou seja, garante-lhe o acesso a funcionalidades e servi\u00e7os avan\u00e7ados da anoGov:<br>3.1. Filtros de pesquisa avan\u00e7ada;<br>3.2. Download em s\u00e9rie;<br>3.3. Atendimento diferenciado por equipa de apoio t\u00e9cnico e comercial especializados.<\/li>\n<li>A ativa\u00e7\u00e3o do Destakx \u00e9 efetuada mediante o envio do comprovativo de pagamento e formul\u00e1rio de inscri\u00e7\u00e3o dispon\u00edvel em www.anogov.com.<\/li>\n<li>O servi\u00e7o de Destakx \u00e9 disponibilizado num prazo de 24 horas (nos dias \u00fateis), ap\u00f3s a rece\u00e7\u00e3o do comprovativo de pagamento.<\/li>\n<li>Este servi\u00e7o renova automaticamente. A inten\u00e7\u00e3o de n\u00e3o renova\u00e7\u00e3o deve ser comunicada previamente \u00e0 anoGov com a anteced\u00eancia m\u00ednima de 30 dias.<\/li>\n<\/ol>\t\t\t\t\t\t<\/div>\n\t\t\t\t<\/div>\n\t\t\t\t\t<\/div>\n\t\t<\/div>\n\t\t\t\t\t\t\t<\/div>\n\t\t<\/section>\n\t\t\t\t\t<\/div>\n\t\t<\/div>\n\t\t\t\t\t\t\t<\/div>\n\t\t<\/section>\n\t\t\t\t\t\t\t<\/div>\n\t\t","protected":false},"excerpt":{"rendered":"<p>Termos e Condi\u00e7\u00f5es | Destakx A ades\u00e3o ao servi\u00e7o Destakx coloca-o numa posi\u00e7\u00e3o de destaque junto das entidades anoGov. Cada licen\u00e7a de ades\u00e3o ao Destakx tem a validade de 1 ano (12 meses). O servi\u00e7o Destakx converte-o automaticamente num Fornecedor+, ou seja, garante-lhe o acesso a funcionalidades e servi\u00e7os avan\u00e7ados da anoGov:3.1. Filtros de pesquisa [&hellip;]<\/p>\n","protected":false},"author":3,"featured_media":0,"parent":0,"menu_order":0,"comment_status":"closed","ping_status":"closed","template":"","meta":{"footnotes":""},"class_list":["post-2061","page","type-page","status-publish","hentry"],"_links":{"self":[{"href":"https:\/\/anogov.com\/home\/wp-json\/wp\/v2\/pages\/2061"}],"collection":[{"href":"https:\/\/anogov.com\/home\/wp-json\/wp\/v2\/pages"}],"about":[{"href":"https:\/\/anogov.com\/home\/wp-json\/wp\/v2\/types\/page"}],"author":[{"embeddable":true,"href":"https:\/\/anogov.com\/home\/wp-json\/wp\/v2\/users\/3"}],"replies":[{"embeddable":true,"href":"https:\/\/anogov.com\/home\/wp-json\/wp\/v2\/comments?post=2061"}],"version-history":[{"count":15,"href":"https:\/\/anogov.com\/home\/wp-json\/wp\/v2\/pages\/2061\/revisions"}],"predecessor-version":[{"id":4530,"href":"https:\/\/anogov.com\/home\/wp-json\/wp\/v2\/pages\/2061\/revisions\/4530"}],"wp:attachment":[{"href":"https:\/\/anogov.com\/home\/wp-json\/wp\/v2\/media?parent=2061"}],"curies":[{"name":"wp","href":"https:\/\/api.w.org\/{rel}","templated":true}]}}